 12010?
10
Calculate the highest common factor of 188 and 2162.
94
Calculate the highest common divisor of 240 and 18.
6
What is the highest common divisor of 8 and 103?
1
What is the highest common factor of 104 and 91?
13
What is the highest common factor of 2 and 26?
2
Calculate the highest common factor of 16 and 3104.
16
Calculate the greatest common factor of 23 and 621.
23
Calculate the greatest common factor of 2398 and 110.
22
What is the greatest common factor of 11 and 1243?
11
What is the highest common divisor of 1638 and 169?
13
What is the highest common divisor of 39 and 1898?
13
What is the highest common divisor of 4336 and 96?
16
Calculate the greatest common factor of 737 and 99.
11
What is the highest common divisor of 2552 and 209?
11
What is the highest common divisor of 10 and 3770?
10
Calculate the greatest common divisor of 22 and 99.
11
What is the greatest common factor of 6900 and 20?
20
Calculate the highest common factor of 12 and 4908.
12
What is the greatest common factor of 3223 and 293?
293
What is the greatest common factor of 48 and 276?
12
Calculate the greatest common factor of 87 and 493.
29
What is the highest common factor of 1026 and 285?
57
Calculate the highest common factor of 34 and 544.
34
Calculate the highest common divisor of 64 and 72.
8
Calculate the greatest common divisor of 10 and 70.
10
What is the greatest common divisor of 117 and 156?
39
What is the greatest common divisor of 96 and 132?
12
What is the highest common divisor of 708 and 24?
12
Calculate the greatest common factor of 22083 and 51.
51
Calculate the greatest common factor of 176 and 80.
16
What is the highest common divisor of 55 and 220?
55
Calculate the greatest common factor of 4 and 3.
1
What is the greatest common factor of 17162 and 2?
2
What is the greatest common divisor of 12 and 132?
12
Calculate the greatest common divisor of 6 and 351.
3
What is the highest common divisor of 5715 and 45?
45
What is the greatest common divisor of 8662 and 142?
142
Calculate the highest common factor of 91 and 1261.
13
Calculate the highest common divisor of 219 and 584.
73
Calculate the highest common divisor of 55 and 15.
5
Calculate the highest common divisor of 1782 and 6.
6
What is the greatest common factor of 110 and 8?
2
Calculate the greatest common divisor of 64635 and 62.
31
What is the highest common factor of 33051 and 46?
23
Calculate the greatest common divisor of 7083 and 9.
9
Calculate the greatest common factor of 1332 and 6.
6
Calculate the highest common factor of 588 and 1788.
12
What is the highest common factor of 31347 and 43?
43
Calculate the highest common divisor of 15 and 100.
5
What is the greatest common divisor of 50 and 175?
25
What is the highest common factor of 46211 and 11?
11
Calculate the highest common divisor of 102 and 159.
3
What is the highest common divisor of 266 and 209?
19
Calculate the greatest common divisor of 3824 and 32.
16
Calculate the highest common factor of 62 and 744.
62
Calculate the highest common factor of 392 and 1624.
56
Calculate the highest common divisor of 51 and 2278.
17
Calculate the highest common divisor of 16 and 1240.
8
Calculate the greatest common divisor of 26490 and 60.
30
What is the greatest common divisor of 1476 and 36?
36
What is the greatest common factor of 134 and 4154?
134
What is the greatest common divisor of 3904 and 2318?
122
What is the highest common divisor of 16128 and 12?
12
What is the highest common factor of 96 and 264?
24
Calculate the highest common factor of 37 and 629.
37
Calculate the highest common factor of 11 and 33.
11
What is the highest common factor of 4689 and 18?
9
Calculate the greatest common divisor of 779 and 57.
19
Calculate the greatest common divisor of 663 and 34.
17
Calculate the greatest common divisor of 22248 and 216.
216
Calculate the highest common factor of 270 and 730.
10
What is the highest common divisor of 2021 and 235?
47
Calculate the greatest common divisor of 187 and 11.
11
What is the highest common factor of 246 and 82?
82
Calculate the greatest common factor of 2 and 46.
2
What is the greatest common divisor of 76 and 14098?
38
Calculate the greatest common factor of 203 and 7.
7
What is the highest common factor of 98 and 16023?
49
What is the highest common factor of 285 and 30?
15
What is the greatest common factor of 49 and 2359?
7
What is the greatest common divisor of 188 and 12?
4
Calculate the highest common factor of 545 and 872.
109
Calculate the greatest common divisor of 13 and 8424.
13
What is the highest common factor of 2194 and 6?
2
Calculate the greatest common divisor of 28 and 238.
14
Calculate the greatest common divisor of 44 and 506.
22
What is the highest common factor of 9 and 1128?
3
What is the greatest common factor of 648 and 360?
72
What is the greatest common factor of 462 and 66?
66
Calculate the highest common divisor of 1679 and 115.
23
What is the highest common divisor of 10 and 1490?
10
Calculate the greatest common factor of 468 and 72.
36
Calculate the greatest common divisor of 369 and 41.
41
Calculate the greatest common divisor of 84 and 644.
28
What is the greatest common divisor of 11211 and 3030?
303
Calculate the highest common factor of 231 and 165.
33
Calculate the highest common factor of 108 and 3051.
27
Calculate the greatest common factor of 1947 and 236.
59
Calculate the highest common divisor of 2 and 206.
2
Calculate the greatest common divisor of 440 and 10450.
110
Calculate the greatest common factor of 17230 and 10.
10
What is the highest common factor of 2525 and 101?
101
What is the greatest common factor of 2950 and 150?
50
Calculate the greatest common divisor of 10 and 8390.
10
Calculate the greatest common factor of 338 and 130.
26
Calculate the greatest common divisor of 252 and 336.
84
Calculate the highest common divisor of 33 and 1507.
11
Calculate the highest common divisor of 32 and 224.
32
Calculate the greatest common factor of 333 and 14319.
333
What is the greatest common factor of 2951 and 65?
13
Calculate the highest common divisor of 320 and 240.
80
Calculate the greatest common factor of 7 and 714.
7
Calculate the greatest common factor of 108 and 48.
12
Calculate the greatest common factor of 9 and 4419.
9
Calculate the greatest common factor of 830 and 230.
10
Calculate the greatest common factor of 6 and 40.
2
What is the greatest common factor of 7176 and 32?
8
Calculate the greatest common divisor of 230 and 46.
46
Calculate the greatest common factor of 12 and 108.
12
What is the highest common factor of 8393 and 327?
109
Calculate the greatest common factor of 14884 and 4.
4
What is the highest common divisor of 204 and 238?
34
Calculate the highest common factor of 17 and 18853.
17
What is the greatest common divisor of 132 and 462?
66
What is the greatest common divisor of 3 and 591?
3
Calculate the greatest common factor of 1869 and 12.
3
Calculate the highest common factor of 350 and 70.
70
What is the greatest common divisor of 65 and 55?
5
Calculate the highest common divisor of 46 and 230.
46
What is the greatest common factor of 43239 and 142?
71
What is the highest common divisor of 12 and 1868?
4
Calculate the highest common divisor of 18 and 738.
18
Calculate the highest common divisor of 38 and 589.
19
Calculate the highest common factor of 304 and 16.
16
Calculate the greatest common factor of 12 and 6276.
12
What is the greatest common divisor of 60 and 15?
15
What is the greatest common factor of 96 and 80?
16
Calculate the greatest common divisor of 1206 and 54.
18
Calculate the highest common divisor of 1578 and 6.
6
Calculate the greatest common factor of 99 and 88.
11
Calculate the highest common divisor of 426 and 6.
6
What is the highest common divisor of 40 and 1315?
5
What is the highest common divisor of 54 and 1572?
6
What is the greatest common factor of 1691 and 89?
89
What is the highest common divisor of 71 and 1?
1
What is the greatest common divisor of 128 and 2752?
64
Calculate the greatest common divisor of 15 and 75.
15
Calculate the highest common divisor of 469 and 315.
7
Calculate the highest common factor of 1200 and 270.
30
Calculate the highest common factor of 60076